 37*c + 43. Give w(37).
43
Let v(y) = -y**3 + 9*y**2 + 20*y + 10. Determine v(11).
-12
Let c(h) = h**2 + 25*h + 162. What is c(-6)?
48
Let t(n) = 3*n**2 + 6*n + 131. Calculate t(0).
131
Let u(y) = 9*y**3 + 44*y**2 - 10*y - 46. Calculate u(-4).
122
Let r(b) = 3*b + 126. Calculate r(-9).
99
Let m(p) = -234*p + 21068. Determine m(90).
8
Let k(c) = 3*c**3 + 3*c**2 - 21. What is k(2)?
15
Let q(j) = -j**2 - 87*j - 553. What is q(-8)?
79
Let f(j) = -86*j - 843. Determine f(-12).
189
Let r(f) = 214*f - 50. Give r(0).
-50
Let v(h) = h**2 + 8*h - 406. What is v(-25)?
19
Let t(h) = 58*h**3 + 3*h. Determine t(1).
61
Let c(s) = -133*s + 809. What is c(7)?
-122
Let c(s) = 4*s**2 + 276*s + 4712. Calculate c(-38).
0
Let k(m) = -2*m**2 + 59*m - 128. Determine k(30).
-158
Let n(c) = -474*c**2 - 4*c - 3. Give n(-1).
-473
Let s(f) = -3*f**3 - 28*f**2 - 21*f - 46. Determine s(-9).
62
Let t(h) = -14*h + 195. Give t(20).
-85
Let q(h) = -2*h**3 + 4*h**2 + 15*h - 17. What is q(6)?
-215
Let h(n) = -583*n + 9317. Give h(16).
-11
Let w(i) = -i**3 + 28*i**2 - 173*i - 11. Give w(16).
293
Let w(l) = -2*l**2 + 1586*l + 3163. What is w(-2)?
-17
Let i(y) = y**2 - 32*y + 132. What is i(4)?
20
Let a(z) = z**2 + 50*z + 682. Calculate a(-33).
121
Let k(p) = 85*p + 478. Give k(-6).
-32
Let c(h) = 228*h**3. What is c(1)?
228
Let f(m) = 3*m**3 + 15*m**2 + 43*m + 212. Give f(-5).
-3
Let j(m) = -m**2 - 252*m + 4568. Calculate j(17).
-5
Let v(f) = f**3 + 65*f**2 - 346*f + 282. Determine v(-70).
2
Let d(v) = 2*v**2 + 175*v + 1487. Determine d(-78).
5
Let g(t) = 2*t**2 + 17*t + 63. Give g(-5).
28
Let a(p) = -p**2 - 4926*p + 14787. Calculate a(3).
0
Let g(l) = l**2 + 3*l - 105. Determine g(-12).
3
Let g(v) = -19*v + 80. Calculate g(4).
4
Let q(l) = -l**3 + 31*l**2 - 50*l - 153. What is q(29)?
79
Let i(l) = -6*l**2 - 107*l + 19. Determine i(-18).
1
Let a(u) = u**2 + 9*u - 92. Calculate a(9).
70
Let m(z) = 30*z**2 + 15*z - 44. Give m(3).
271
Let d(n) = 2*n**2 - 421*n - 2132. Calculate d(-5).
23
Let q(f) = f**3 + 17*f**2 - 1640*f + 493. Calculate q(-50).
-7
Let f(k) = k**2 + 11*k - 115. Calculate f(9).
65
Let m(q) = -7*q - 270. What is m(-40)?
10
Let l(w) = -w**2 + 18*w + 3. Give l(15).
48
Let k(p) = -314*p - 43651. Calculate k(-139).
-5
Let d(x) = -x**3 - 173*x - 349. Determine d(-2).
5
Let h(u) = 168*u + 15. What is h(3)?
519
Let j(b) = 185*b - 21091. Calculate j(114).
-1
Let a(o) = -2*o**2 - 89*o - 912. Calculate a(-23).
77
Let t(a) = -5*a**3 - 62*a**2 - 24*a + 6. Determine t(-12).
6
Let h(a) = -7*a**2 + 25*a - 105. What is h(4)?
-117
Let u(v) = -84*v**2 - 10*v - 11. Calculate u(-1).
-85
Let n(c) = 94*c - 11748. Determine n(125).
2
Let q(c) = -c**3 + 9*c**2 - 9*c + 205. What is q(10)?
15
Let g(o) = -o**3 - 71*o**2 + 377*o - 67. What is g(-76)?
161
Let r(c) = -6*c**2 - 28*c - 21. Determine r(-4).
-5
Let l(t) = -2*t**3 + 29*t**2 + 32*t - 263. What is l(15)?
-8
Let o(u) = 3406*u + 57908. Determine o(-17).
6
Let t(y) = 42*y + 428. Determine t(-10).
8
Let q(w) = 61*w + 66. Calculate q(-3).
-117
Let k(w) = 2*w**2 + 140*w - 15. What is k(-66)?
-543
Let m(f) = -f**3 - 6*f**2 + 17*f + 80. Determine m(-6).
-22
Let d(k) = -3*k**2 + 10*k + 29. Determine d(0).
29
Let a(n) = n**3 - 61*n**2 + 3*n - 167. Calculate a(61).
16
Let r(n) = 2*n**2 - 48*n - 231. Give r(-4).
-7
Let d(a) = 31*a + 321. Calculate d(-7).
104
Let o(y) = -4*y - 87. Determine o(21).
-171
Let c(w) = 14*w**2 + 85*w + 164. What is c(-2)?
50
Let o(m) = 2*m**3 + 232*m**2 + 9*m + 1043. What is o(-116)?
-1
Let o(m) = -1813*m - 76160. Give o(-42).
-14
Let y(t) = -t**3 - 18*t**2 + t + 25. Determine y(-20).
805
Let q(y) = -1785*y - 8875. What is q(-5)?
50
Let y(m) = -3*m**2 - 2*m + 17. Give y(2).
1
Let s(u) = -3*u**2 + 43*u - 43. Calculate s(14).
-29
Let g(v) = -v**2 + 56*v - 265. Give g(5).
-10
Let k(w) = 7*w + 229. Determine k(-39).
-44
Let d(r) = 3*r**2 - 42*r - 1300. What is d(-15)?
5
Let v(m) = -m**2 + 827*m + 146544. What is v(-150)?
-6
Let x(o) = 1541*o - 77045. What is x(50)?
5
Let g(f) = -236*f - 1056. What is g(-4)?
-112
Let r(y) = 3*y**2 + 72*y - 122. Calculate r(-25).
-47
Let a(f) = 4*f**3 + 7*f**2 - 181*f - 20. Determine a(6).
10
Let v(w) = -3367*w - 23561. Give v(-7).
8
Let r(j) = 27*j + 27. What is r(-8)?
-189
Let u(h) = 2*h**3 + 28*h**2 - 27*h + 18. What is u(-15)?
-27
Let h(w) = w**2 - 15*w - 9. Give h(5).
-59
Let j(q) = q**2 + 15*q + 12. Give j(-14).
-2
Let k(g) = 4*g**2 - 97*g - 104. Calculate k(24).
-128
Let c(r) = -18*r - 457. Give c(-38).
227
Let t(d) = -d**2 + 23*d + 131. Give t(28).
-9
Let s(i) = -i**3 - 58*i**2 - 533*i - 752. Determine s(-47).
0
Let q(h) = -h**3 + 3*h**2 - 2*h + 8. Give q(-6).
344
Let j(n) = -n**3 + 4*n**2 + 85*n - 84. Give j(-8).
4
Let o(b) = -2*b**3 + 7*b**2 - 492*b + 4527. What is o(8)?
15
Let f(a) = 8*a**2 + 2387*a - 1489. Calculate f(-299).
6
Let z(i) = -16*i**2 + 1875*i + 1533. Determine z(118).
-1
Let c(y) = y**2 - 47*y + 367. Give c(10).
-3
Let y(k) = 2*k + 323. Give y(-11).
301
Let h(g) = -g**2 + 33*g - 54. Calculate h(29).
62
Let p(z) = -49*z + 56. Give p(8).
-336
Let o(u) = -1008*u - 11087. Give o(-11).
1
Let a(s) = -2*s**3 - 55*s**2 - 28*s - 14. Calculate a(-27).
13
Let s(c) = 20*c**2 + 5*c - 2. Give s(3).
193
Let o(y) = -87*y**2 - 2346*y + 54. Calculate o(-27).
-27
Let v(a) = 3*a**2 - 17*a - 192. What is v(-6)?
18
Let j(y) = 2*y**2 - 48*y + 58. Determine j(23).
12
Let u(l) = -9*l**2 + 155*l + 939. What is u(22)?
-7
Let m(f) = -296*f + 1717. What is m(6)?
-59
Let b(x) = x**2 + 34*x - 13. What is b(-15)?
-298
Let z(a) = -3*a**2 + 99*a - 523. What is z(7)?
23
Let z(k) = -k**3 + 18*k**2 - 29*k + 10. Give z(16).
58
Let s(k) = k**2 - 3059*k + 78851. Give s(26).
-7
Let g(q) = -q**3 + 8*q**2 - 19*q + 60. Determine g(6).
18
Let t(o) = 13*o**2 + 79*o - 163. Calculate t(2).
47
Let n(f) = -3*f**2 - 326*f - 808. Determine n(-106).
40
Let f(h) = -26*h - 179. Calculate f(-8).
29
Let d(q) = 46*q**2 - 12*q - 16. Give d(-2).
192
Let p(n) = -295*n + 2161. Determine p(5).
686
Let b(q) = 54*q - 72. Give b(5).
198
Let q(a) = -36*a**2 - 167*a + 81. Calculate q(-5).
16
Let a(l) = -85*l + 3490. Give a(41).
5
Let s(r) = -6*r**2 + 11*r - 49. Calculate s(4).
-101
Let f(a) = -5*a**2 + 90*a - 238. Determine f(17).
-153
Let y(o) = -70*o - 134. What is y(-2)?
6
Let j(t) = t**2 + 10*t - 45. What is j(-12)?
-21
Let a(m) = -25720*m + 128598. Give a(5).
-2
Let z(t) = 4*t**2 - 179*t + 75. Determine z(44).
-57
Let o(q) = -2*q**2 + 20*q + 15. What is o(4)?
63
Let h(i) = -3*i**3 + 3*i**2 - 14*i + 105. Give h(7).
-875
Let h(c) = -21171*c + 63524. Determine h(3).
11
Let f(k) = k**3 - 19*k**2 + 35*k - 227. Calculate f(18).
79
Let j(r) = -r**3 - 55*r**2 + 1138*r + 160. Calculate j(-71).
18
Let n(s) = 8*s**2 - 253*s - 119. What is n(32)?
-23
Let n(q) = 45*q + 82. Calculate n(-3).
-53
Let w(x) = x**2 - 17*x + 62. Give w(10).
-8
Let m(q) = q**3 + 52*q**2 + 233*q - 123. What is m(-47)?
-29
Let p(m) = -78*m - 1983. What is p(-28)?
201
Let g(o) = 3*o + 48. Calculate g(30).
138
Let z(s) = 4*s**3 - 34*s**2 + 54*s - 303. Calculate z(8).
1
Let t(c) = 228*c**2 + 2278*c - 15. Calculate t(-10).
5
Let m(h) = -5*h**3 + 78*h**2 - 93*h - 285. Give m(14).
-19
Let y(l) = 26*l**3 - 200*l**2 - 63*l - 8. Give y(8).
0
Let s(o) = -4753*o - 28498. Give s(-6).
20
Let n(q) = -279*q + 1097. Calculate n(4).
-19
Let r(q) = 11*q**3 + 7*q**2 - 294*q - 299. Give r(-1).
-9
Let n(k) = k**3 + 6*k**2 - 134*k - 554. What is n(-4)?
14
Let f(j) = -2*j**3 - 28*j**2 + 10*j - 34. Give f(-14).
-174
Let g(l) = l**3 - 18*l**2 + 44*l + 65. Calculate g(15).
50
Let i(g) = -975*g - 4413. Calculate i(-5).
462
Let m(i) = 91*i**3 + 8*i**2 + 4*i - 1. Calculate m(-1).
-88
Let k(i) = -9185*i - 27548. Determine k(-3).
7
Let g(x) = -x**2 - 44*x + 640. Give g(12).
-32
Let v(k) = -7*k - 645. Calculate v(-90).
-15
Let h(j) = 2*j**2 + 79*j - 1449. What is h(-53)?
-18
Let t(l) = -l**3 + 9*l**2 + 4*l - 2. Give t(2).
34
Let s(d) = -212*d - 745. Calculate s(-6).
527
Let t(a) = -7*a**2 + 1034*a - 736. What is t(147)?
-1
Let h(g) = 21*g + 161. Give h(-9).
-28
Let m(v) = v**2 + 3*v - 243. What is m(14)?
-5
Let b(h) = 40*h + 52. Calculate b(-4).
-108
Let f(g) = -2*g**3 + 165*g**2 - 1258*g - 135. Give f(74).
-135
Let f(p) = -136*p**2 + 1. Determine f(1).
-135
Let w(f) = f**2 - 14*f - 164. Calculate w